{"id":1667,"date":"2021-10-21T12:23:00","date_gmt":"2021-10-21T11:23:00","guid":{"rendered":"https:\/\/1128.escutismo.pt\/site\/?page_id=1667"},"modified":"2021-10-22T18:47:38","modified_gmt":"2021-10-22T17:47:38","slug":"hino","status":"publish","type":"page","link":"https:\/\/1128.escutismo.pt\/site\/seccoes\/cla\/hino\/","title":{"rendered":"Cl\u00e3 &#8211; Hino"},"content":{"rendered":"\t\t<div data-elementor-type=\"wp-page\" data-elementor-id=\"1667\" class=\"elementor elementor-1667\">\n\t\t\t\t\t\t<div class=\"elementor-inner\">\n\t\t\t\t<div class=\"elementor-section-wrap\">\n\t\t\t\t\t\t\t\t\t<section class=\"elementor-section elementor-top-section elementor-element elementor-element-77fae87e elementor-section-boxed elementor-section-height-default elementor-section-height-default\" data-id=\"77fae87e\" data-element_type=\"section\">\n\t\t\t\t\t\t<div class=\"elementor-container elementor-column-gap-default\">\n\t\t\t\t\t\t\t<div class=\"elementor-row\">\n\t\t\t\t\t<div class=\"elementor-column elementor-col-100 elementor-top-column elementor-element elementor-element-577d3d60\" data-id=\"577d3d60\" data-element_type=\"column\">\n\t\t\t<div class=\"elementor-column-wrap elementor-element-populated\">\n\t\t\t\t\t\t\t<div class=\"elementor-widget-wrap\">\n\t\t\t\t\t\t<div class=\"elementor-element elementor-element-6fe3cc5c elementor-widget elementor-widget-image\" data-id=\"6fe3cc5c\" data-element_type=\"widget\" data-widget_type=\"image.default\">\n\t\t\t\t<div class=\"elementor-widget-container\">\n\t\t\t<style>\/*! elementor - v3.11.5 - 14-03-2023 *\/\n.elementor-widget-image{text-align:center}.elementor-widget-image a{display:inline-block}.elementor-widget-image a img[src$=\".svg\"]{width:48px}.elementor-widget-image img{vertical-align:middle;display:inline-block}<\/style>\t\t\t\t\t<div class=\"elementor-image\">\n\t\t\t\t\t\t\t\t\t\t\t\t<img loading=\"lazy\" decoding=\"async\" width=\"121\" height=\"121\" src=\"https:\/\/1128.escutismo.pt\/site\/wp-content\/uploads\/2020\/07\/caminheirosicon.png\" class=\"attachment-large size-large wp-image-626\" alt=\"\" srcset=\"https:\/\/1128.escutismo.pt\/site\/wp-content\/uploads\/2020\/07\/caminheirosicon.png 121w, https:\/\/1128.escutismo.pt\/site\/wp-content\/uploads\/2020\/07\/elementor\/thumbs\/caminheirosicon-pqec9ewnakdh19y8pgcthd5vqlb37k4lxd6oic7i5q.png 75w\" sizes=\"auto, 100vw\" \/>\t\t\t\t\t\t\t\t\t\t\t\t\t\t<\/div>\n\t\t\t\t\t\t<\/div>\n\t\t\t\t<\/div>\n\t\t\t\t<div class=\"elementor-element elementor-element-11a731e7 elementor-widget elementor-widget-heading\" data-id=\"11a731e7\" data-element_type=\"widget\" data-widget_type=\"heading.default\">\n\t\t\t\t<div class=\"elementor-widget-container\">\n\t\t\t<style>\/*! elementor - v3.11.5 - 14-03-2023 *\/\n.elementor-heading-title{padding:0;margin:0;line-height:1}.elementor-widget-heading .elementor-heading-title[class*=elementor-size-]>a{color:inherit;font-size:inherit;line-height:inherit}.elementor-widget-heading .elementor-heading-title.elementor-size-small{font-size:15px}.elementor-widget-heading .elementor-heading-title.elementor-size-medium{font-size:19px}.elementor-widget-heading .elementor-heading-title.elementor-size-large{font-size:29px}.elementor-widget-heading .elementor-heading-title.elementor-size-xl{font-size:39px}.elementor-widget-heading .elementor-heading-title.elementor-size-xxl{font-size:59px}<\/style><h2 class=\"elementor-heading-title elementor-size-default\">Hino do Cl\u00e3<\/h2>\t\t<\/div>\n\t\t\t\t<\/div>\n\t\t\t\t\t\t<\/div>\n\t\t\t\t\t<\/div>\n\t\t<\/div>\n\t\t\t\t\t\t\t\t<\/div>\n\t\t\t\t\t<\/div>\n\t\t<\/section>\n\t\t\t\t<section class=\"elementor-section elementor-top-section elementor-element elementor-element-6610f6e elementor-section-boxed elementor-section-height-default elementor-section-height-default\" data-id=\"6610f6e\" data-element_type=\"section\">\n\t\t\t\t\t\t<div class=\"elementor-container elementor-column-gap-default\">\n\t\t\t\t\t\t\t<div class=\"elementor-row\">\n\t\t\t\t\t<div class=\"elementor-column elementor-col-100 elementor-top-column elementor-element elementor-element-40561c0\" data-id=\"40561c0\" data-element_type=\"column\">\n\t\t\t<div class=\"elementor-column-wrap elementor-element-populated\">\n\t\t\t\t\t\t\t<div class=\"elementor-widget-wrap\">\n\t\t\t\t\t\t<div class=\"elementor-element elementor-element-a36ca79 elementor-widget elementor-widget-text-editor\" data-id=\"a36ca79\" data-element_type=\"widget\" data-widget_type=\"text-editor.default\">\n\t\t\t\t<div class=\"elementor-widget-container\">\n\t\t\t<style>\/*! elementor - v3.11.5 - 14-03-2023 *\/\n.elementor-widget-text-editor.elementor-drop-cap-view-stacked .elementor-drop-cap{background-color:#818a91;color:#fff}.elementor-widget-text-editor.elementor-drop-cap-view-framed .elementor-drop-cap{color:#818a91;border:3px solid;background-color:transparent}.elementor-widget-text-editor:not(.elementor-drop-cap-view-default) .elementor-drop-cap{margin-top:8px}.elementor-widget-text-editor:not(.elementor-drop-cap-view-default) .elementor-drop-cap-letter{width:1em;height:1em}.elementor-widget-text-editor .elementor-drop-cap{float:left;text-align:center;line-height:1;font-size:50px}.elementor-widget-text-editor .elementor-drop-cap-letter{display:inline-block}<\/style>\t\t\t\t\t<div class=\"elementor-text-editor elementor-clearfix\">\n\t\t\t\t&nbsp;\n<p align=\"center\">\nNa vara que se abre em dois caminhos<br>\nAceitamos proposta de op\u00e7\u00e3o<br>\nSabendo que nunca vamos sozinhos<br>\nQuando \u00e9 por Cristo, a decis\u00e3o<br>\nMochila \u00e0s costas com o p\u00e3o e a palavra<br>\nLevamos tenda, prontos para partir<br>\nGuia-nos um fogo que n\u00e3o se apaga<br>\nQue acende no len\u00e7o a cor do servir<br>\n<br>\n<b>\nSer caminheiro<br>\nNos rumos do homem novo<br>\nSer construtor, de um mundo novo<br>\nCaminhando no amor <br>\nSer homem novo<br>\n<\/b>\n<br>\nPelo projecto pessoal de vida<br>\nSonhamos cada dia o amanha<br>\nE que queremos de esperan\u00e7a decidida<br>\nE partilhar a carta de cl\u00e3<br>\nNovos rumos prosseguem aventuras<br>\nDe encontros do homem com deus, na hist\u00f3ria<br>\nA exigir coragem de rupturas<br>\nDe que a cruz no mundo, gritar mem\u00f3rias<br>\n<br>\nNas palavras de montanha, a verdade<br>\nA chamar por coer\u00eancia e compromisso<br>\nO evangelho feito comunidade<br>\nVivido em atitude de servi\u00e7o<br>\nDe B.P. vem o apelo a navegar<br>\nCaminhos de triunfo, a felicidade<br>\nEm Jesus Cristo a meta a alcan\u00e7ar<br>\nO homem novo chamado \u00e0 eternidade<br>\n<\/p>\t\t\t\t\t<\/div>\n\t\t\t\t\t\t<\/div>\n\t\t\t\t<\/div>\n\t\t\t\t\t\t<\/div>\n\t\t\t\t\t<\/div>\n\t\t<\/div>\n\t\t\t\t\t\t\t\t<\/div>\n\t\t\t\t\t<\/div>\n\t\t<\/section>\n\t\t\t\t<section class=\"elementor-section elementor-top-section elementor-element elementor-element-cda980c elementor-section-boxed elementor-section-height-default elementor-section-height-default\" data-id=\"cda980c\" data-element_type=\"section\">\n\t\t\t\t\t\t<div class=\"elementor-container elementor-column-gap-default\">\n\t\t\t\t\t\t\t<div class=\"elementor-row\">\n\t\t\t\t\t<div class=\"elementor-column elementor-col-33 elementor-top-column elementor-element elementor-element-4b2bc11\" data-id=\"4b2bc11\" data-element_type=\"column\">\n\t\t\t<div class=\"elementor-column-wrap\">\n\t\t\t\t\t\t\t<div class=\"elementor-widget-wrap\">\n\t\t\t\t\t\t\t\t<\/div>\n\t\t\t\t\t<\/div>\n\t\t<\/div>\n\t\t\t\t<div class=\"elementor-column elementor-col-33 elementor-top-column elementor-element elementor-element-93d38fb\" data-id=\"93d38fb\" data-element_type=\"column\">\n\t\t\t<div class=\"elementor-column-wrap elementor-element-populated\">\n\t\t\t\t\t\t\t<div class=\"elementor-widget-wrap\">\n\t\t\t\t\t\t<div class=\"elementor-element elementor-element-d79e0ac elementor-widget elementor-widget-wp-widget-media_audio\" data-id=\"d79e0ac\" data-element_type=\"widget\" data-widget_type=\"wp-widget-media_audio.default\">\n\t\t\t\t<div class=\"elementor-widget-container\">\n\t\t\t<!--[if lt IE 9]><script>document.createElement('audio');<\/script><![endif]-->\n<audio class=\"wp-audio-shortcode\" id=\"audio-1667-1\" preload=\"none\" style=\"width: 100%;\" controls=\"controls\"><source type=\"audio\/mpeg\" src=\"https:\/\/1128.escutismo.pt\/site\/wp-content\/uploads\/2021\/09\/rumoshnovo.mp3?_=1\" \/><source type=\"audio\/mpeg\" src=\"https:\/\/1128.escutismo.pt\/site\/wp-content\/uploads\/2021\/09\/rumoshnovo.mp3?_=1\" \/><a href=\"https:\/\/1128.escutismo.pt\/site\/wp-content\/uploads\/2021\/09\/rumoshnovo.mp3\">https:\/\/1128.escutismo.pt\/site\/wp-content\/uploads\/2021\/09\/rumoshnovo.mp3<\/a><\/audio>\t\t<\/div>\n\t\t\t\t<\/div>\n\t\t\t\t\t\t<\/div>\n\t\t\t\t\t<\/div>\n\t\t<\/div>\n\t\t\t\t<div class=\"elementor-column elementor-col-33 elementor-top-column elementor-element elementor-element-749cb39\" data-id=\"749cb39\" data-element_type=\"column\">\n\t\t\t<div class=\"elementor-column-wrap\">\n\t\t\t\t\t\t\t<div class=\"elementor-widget-wrap\">\n\t\t\t\t\t\t\t\t<\/div>\n\t\t\t\t\t<\/div>\n\t\t<\/div>\n\t\t\t\t\t\t\t\t<\/div>\n\t\t\t\t\t<\/div>\n\t\t<\/section>\n\t\t\t\t\t\t\t\t\t<\/div>\n\t\t\t<\/div>\n\t\t\t\t\t<\/div>\n\t\t","protected":false},"excerpt":{"rendered":"<p>Hino do Cl\u00e3 &nbsp; Na vara que se abre em dois caminhos Aceitamos proposta de op\u00e7\u00e3o Sabendo que nunca vamos sozinhos Quando \u00e9 por Cristo, a decis\u00e3o Mochila \u00e0s costas com o p\u00e3o e a palavra Levamos tenda, prontos para partir Guia-nos um fogo que n\u00e3o se apaga Que acende no len\u00e7o a cor do &hellip; <\/p>\n<p class=\"link-more\"><a href=\"https:\/\/1128.escutismo.pt\/site\/seccoes\/cla\/hino\/\" class=\"more-link\">Read more<span class=\"screen-reader-text\"> &#8220;Cl\u00e3 &#8211; Hino&#8221;<\/span><\/a><\/p>\n","protected":false},"author":1,"featured_media":0,"parent":1295,"menu_order":3,"comment_status":"closed","ping_status":"closed","template":"elementor_header_footer","meta":{"footnotes":""},"class_list":["post-1667","page","type-page","status-publish","hentry"],"_links":{"self":[{"href":"https:\/\/1128.escutismo.pt\/site\/wp-json\/wp\/v2\/pages\/1667","targetHints":{"allow":["GET"]}}],"collection":[{"href":"https:\/\/1128.escutismo.pt\/site\/wp-json\/wp\/v2\/pages"}],"about":[{"href":"https:\/\/1128.escutismo.pt\/site\/wp-json\/wp\/v2\/types\/page"}],"author":[{"embeddable":true,"href":"https:\/\/1128.escutismo.pt\/site\/wp-json\/wp\/v2\/users\/1"}],"replies":[{"embeddable":true,"href":"https:\/\/1128.escutismo.pt\/site\/wp-json\/wp\/v2\/comments?post=1667"}],"version-history":[{"count":0,"href":"https:\/\/1128.escutismo.pt\/site\/wp-json\/wp\/v2\/pages\/1667\/revisions"}],"up":[{"embeddable":true,"href":"https:\/\/1128.escutismo.pt\/site\/wp-json\/wp\/v2\/pages\/1295"}],"wp:attachment":[{"href":"https:\/\/1128.escutismo.pt\/site\/wp-json\/wp\/v2\/media?parent=1667"}],"curies":[{"name":"wp","href":"https:\/\/api.w.org\/{rel}","templated":true}]}}